861)*1092/168?
5
Suppose -5745*v + 49896 = -5737*v. What is the hundreds digit of v?
2
Let n(q) = q**3 - 13*q**2 - 14*q + 27. Let s be n(14). Let r = 34 - s. What is the tens digit of ((-820)/(-2 + r))/(-2)?
8
Suppose 106 + 2120 = 7*b. Suppose -b = -7*s + 1530. Let l = -160 + s. What is the units digit of l?
4
Suppose -110606 = -2*n + 4*v - 10524, 5*n - 250253 = -2*v. What is the tens digit of n?
4
Let v(g) = 3 + 48 + 47 + 2 - 45*g. What is the tens digit of v(-7)?
1
Let b(n) = 53*n**2 - 11*n - 35. Let v = -523 + 519. What is the hundreds digit of b(v)?
8
Let o = 209 + -204. Suppose 7*k - 2*k = 2*u + 788, -5 = -o*u. What is the units digit of k?
8
Let r(x) = 2*x - 16. Let t be r(6). What is the hundreds digit of (t/(-6))/(7/((-11697)/(-2)))?
5
Let s = 34515 + -21139. What is the thousands digit of s?
3
Let g = 1888 - -4487. What is the hundreds digit of g?
3
Let h = 26376 + -16637. What is the thousands digit of h?
9
Let s(w) = w**3 - 14*w**2 + 12*w + 13. Let c be s(15). Suppose 4*a + 4318 = 5*j, -5*a + c + 463 = j. What is the units digit of j?
6
Suppose q = r + 29422, 1432*q = 1434*q - r - 58846. What is the tens digit of q?
2
Suppose 291*n - 43832 = 287*n + 3*t, -4*n + 43768 = 5*t. What is the thousands digit of n?
0
What is the thousands digit of (((-4)/(-9))/((-6)/(-531)))/(8/2076)?
0
Let n be -59 - 4 - 6/(-2). Let r be (-4)/26 - 2*(-808)/26. Let s = n + r. What is the units digit of s?
2
Let v(p) = -104*p + 5. Let m be v(-1). Let b = 103 - m. What is the units digit of (3/b)/((-2)/(-38))*-14?
3
Let f(g) = -g**2 + g + 9. Let d be f(3). Suppose 4*t - y = 5615, -d*t + 0*y - 4*y = -4216. Suppose t = 13*r - r. What is the tens digit of r?
1
Let v = -30796 + 46935. What is the tens digit of v?
3
Let b(j) = 375*j + 533. What is the tens digit of b(7)?
5
Let f(s) = 61*s - 23. Let t = -148 + 150. What is the tens digit of f(t)?
9
What is the units digit of 19254/(-5)*(750/45 - 20)?
6
Suppose -30*c = -29*c - 7. Suppose -6*g + c*g = 263. Suppose -3*o + g = -o + n, -o + n = -124. What is the hundreds digit of o?
1
Suppose -15593 = -9*g + 39208. What is the units digit of g?
9
Let b = -14894 + 22586. What is the hundreds digit of b?
6
Let k(n) = -390*n - 120. What is the units digit of k(-77)?
0
Let z = -195 + 840. Let c = 1253 + z. What is the units digit of c?
8
Let n(d) = -867*d - 3198. What is the tens digit of n(-47)?
5
Let g = 33681 - 20112. What is the tens digit of g?
6
What is the units digit of 1*52/(-12)*-1641 - (-8 + 1)?
8
Suppose 346*d + 5*w = 342*d + 57377, 4*d - 57342 = 2*w. What is the units digit of d?
8
Suppose 0 = m + 2*x - 3, -5*m + 2*x = -3*x - 15. Suppose -m*n + 139 = 25. What is the tens digit of n?
3
Let g(v) = -18*v**3 + 4*v**2 + 3*v + 4. Let o(z) = 52*z**3 - 11*z**2 - 8*z - 11. Let c(r) = -17*g(r) - 6*o(r). What is the hundreds digit of c(-4)?
3
Let n = 31375 - 17537. What is the units digit of n?
8
Suppose -3*b + 5*b = 40. Let n be 5*2/b + 5/(-2). What is the tens digit of 71*((5 - (3 - 1)) + n)?
7
Let a be 12/(-10)*990/27. Let x = -2 - a. Suppose -6*p - x = -996. What is the hundreds digit of p?
1
Let r(b) = b + 5. Let u be r(0). Let h be 0/((1 - (-3 + u)) + -3). Suppose h = -5*o + n - 5*n + 102, -2*o = 5*n - 51. What is the units digit of o?
8
Suppose -5*i - 437 = 4*h, 98 = -h - 0*h - 5*i. Suppose 2*o + n + 546 = 0, 2*o + 6*n - 7*n = -554. Let m = h - o. What is the units digit of m?
2
Suppose -82*z + 86*z - 4*r = 52224, 39156 = 3*z - r. What is the hundreds digit of z?
0
Let c(q) = 291*q**2 - 3*q + 281*q**2 - 10*q - 11 - 571*q**2 - 11. Let x be 8/(-2*1/(-5)). What is the tens digit of c(x)?
1
Let i = 1833 + -1942. Suppose 0 = -a - 3*q + 8, -2*q + 34 = 2*a - 2. Let c = a - i. What is the units digit of c?
2
Suppose -d - 350 = c + 902, -1246 = c + 4*d. Let g = -884 - c. What is the tens digit of g?
7
Let h(g) = -3*g**2 - 13 - 6*g + g**2 + 5*g**2 + 2*g**2 - 40. What is the tens digit of h(-13)?
7
Let i be (-11)/(121/(-90)) + (-20)/110. Suppose -i*g + 227 = -29. What is the tens digit of g?
3
Let v be ((13 + -7)/(-6))/(1/(-3)). Suppose 3*a - 4*g - 254 = 0, 2*a - v*g = 6*a - 297. Let r = a + -45. What is the tens digit of r?
3
Suppose -z - 471 = 3*m, -2*z + 2335 = -7*z + 5*m. Let p = z + 737. What is the units digit of p?
9
Let f(v) = 32*v**3 - 7*v**2 - 2*v + 24. Let a be f(3). Let i = -801 + 1217. Suppose a = 5*d - i. What is the tens digit of d?
4
Let x = -44 - -44. Suppose -3*s = 4 - 16, -2*z + s + 72 = x. What is the tens digit of z?
3
Let v = 144 - 139. Suppose 5*t = 5*f - 1090, f - 216 = v*t - 3*t. What is the tens digit of f?
2
What is the tens digit of -20 + 30 + 254*3?
7
Let g(s) = -s**3 + 10*s**2 - 23*s + 12. Let q be g(9). Let m = 119 + q. Suppose -189 = -5*k - w - w, 181 = m*k - 2*w. What is the units digit of k?
7
Let k(p) = -14*p**3 - 8*p**2 + 15*p + 56. What is the units digit of k(-4)?
4
Suppose -z - 46*o + 44*o + 3476 = 0, -o = 2*z - 6955. What is the tens digit of z?
7
Suppose 2*u = -10, -90*u + 21453 = 2*y - 85*u. What is the hundreds digit of y?
7
Suppose 198 = 24*s - 15*s. Suppose -11769 = -s*j - 813. What is the units digit of j?
8
Let b(x) = x**3 + 56*x**2 + 130*x - 62. What is the tens digit of b(-31)?
3
Suppose 12*h - 10716 = 122911 + 10709. What is the tens digit of h?
2
Let z(f) = -124*f**3 - 14*f**2 - 29*f - 70. What is the tens digit of z(-4)?
5
Let a be -6 + 7 - (-51*3 + -1). Suppose -2 = -l, 2*l = -0*m - m + 20. Suppose -a = 11*z - m*z. What is the units digit of z?
1
What is the units digit of (-229824)/128*(-420)/18?
5
Let g(i) = -821*i**2 + 7*i + 2. Let c(f) = -410*f**2 + 4*f + 1. Let t(x) = 5*c(x) - 3*g(x). What is the tens digit of t(-1)?
1
Suppose -k = 208 - 10559. What is the thousands digit of k?
0
Let q(x) = x**3 + 25*x**2 + 26*x + 44. Let o be q(-24). Let n(d) = -35*d + 21. What is the hundreds digit of n(o)?
1
Let v = 26 - 24. Let t(h) = 0 + h**2 + 18 - v*h - 5 - 3. What is the tens digit of t(-8)?
9
Let l = -42 + 207. Let q = -32 + -5. Let d = l + q. What is the hundreds digit of d?
1
Let a = 6 + -4. Suppose -3*k - 32 = 5*j, 5*j = a*k + 2*j - 4. What is the hundreds digit of -236*(k/1 - -3) + -3?
2
Suppose -5*j = 56 - 11. Let m = j - -29. Suppose -210 = 15*k - m*k. What is the tens digit of k?
4
Suppose 4*p + w + 4*w - 1433 = 0, -1454 = -4*p + 2*w. What is the tens digit of p?
6
Let j = -28782 - -42699. What is the thousands digit of j?
3
Suppose -30*u - 78572 = -626732. What is the units digit of u?
2
Let u(f) be the third derivative of -f**6/120 + 43*f**5/60 - 7*f**4/3 + 79*f**3/6 + 276*f**2. What is the thousands digit of u(41)?
1
Suppose 13*f - 99*f = -181976. What is the thousands digit of f?
2
Suppose 0 = 5*i - 2*p - 17 - 39, -3*i + 4*p = -42. Suppose -5*q + 0 = -10. Suppose -57 = -q*y - 5*h, 2*y + 2*h - i = 38. What is the units digit of y?
1
Let n be ((-3)/(-3))/(-1) - (-23 - -10). Suppose 3*r - 5*t = 21, -r = -5*t - n - 5. Suppose -12 + 38 = r*x. What is the tens digit of x?
1
Let s(d) = -17*d**3 - 2*d. Let t be s(1). Let m(a) = 3*a**2 - 8*a + 139. What is the hundreds digit of m(t)?
3
Suppose 0 = 5*h - 2*n - 54, -4*h = -0*n + 2*n - 36. Suppose -h*u + 907 = -9*u + 4*x, 4*x = 4*u - 3568. What is the hundreds digit of u?
8
Let o(n) = -5*n + 38. Let q be o(13). Let b = q - -65. Suppose 43*v - b*v - 460 = 0. What is the tens digit of v?
9
Let j(u) = u**3 - 23*u**2 + 24*u + 6. Let d(i) = 2*i**3 - 46*i**2 + 47*i + 12. Let o(p) = -3*d(p) + 5*j(p). What is the units digit of o(22)?
6
Suppose -2*b + 36 = 4*h - 70, -162 = -3*b - 5*h. Let a = b - -168. What is the tens digit of a?
2
Suppose 0 = -6*h - 719 + 5. Let m = -638 + 570. Let c = m - h. What is the units digit of c?
1
Let p(y) = 111*y**2 + 12*y + 18. Let i = -363 + 361. What is the hundreds digit of p(i)?
4
Let z(r) = r**3 + 26*r**2 + 2*r + 9. Let a be z(-25). Let p = -104 + a. What is the hundreds digit of p?
4
Let a(c) = 57*c**2 + 37*c - 123. What is the units digit of a(4)?
7
Let c be 1/2*1*(23 - 19). Suppose -4*r = 5*d - 2*d - 1400, 0 = -4*d + c*r + 1874. What is the tens digit of d?
6
Suppose -s - 2 + 11 = -f, f - 3 = -2*s. Suppose -3*k + 1087 = 2*t, -s*k + 0*k + 4*t = -1416. What is the units digit of k?
9
Suppose 0 = 4*k + 3*m - 223, -k - k + 4*m = -128. Suppose 0 = -56*s + k*s - 312. Suppose 2*l - i = -6*i + s, -5*